et o = c - 555. Suppose 2*l = -2*g + 142, 3*g - l = 3*l + 220. What is the highest common divisor of o and g?
24
Let c(s) = 132*s**2 - 70*s - 23. Let u be c(-5). Calculate the highest common factor of u and 117.
117
Suppose -36 = -n - 14. Suppose -3*l + 1449 - 1198 = i, 0 = i - 5*l - 227. What is the greatest common divisor of n and i?
22
Suppose -9*n - 10 = -14*n. Suppose 0 = j + 2, y = -n*j + 131 + 75. Calculate the highest common divisor of 84 and y.
42
Let y be 3/(-4) + 1/((-4)/(-1083)). Suppose 29*l - 34*l = -y. Let q(c) = 3*c**2 + c - 5. Let p be q(-7). What is the greatest common factor of l and p?
27
Let r(a) = -295*a + 12414. Let n be r(42). What is the highest common factor of 948 and n?
12
Let q = 79 + -1. Let j be (-2)/(-15)*q + (-4)/10. Let u = 170 - 150. Calculate the highest common factor of u and j.
10
Let y = 4346 + -3998. What is the highest common divisor of 638 and y?
58
Let s = 1 - 0. Let q(l) = 95*l + 1. Let f be q(s). Let u be (-1269)/(-126) - (-4)/(-56) - -14. What is the greatest common factor of u and f?
24
Suppose 5*d - 1946 = -2*m + 10*d, -970 = -m + d. What is the highest common divisor of m and 32?
8
Let p(s) = 749*s + 1224. Let h be p(-1). What is the greatest common divisor of 125 and h?
25
Let a = 56 - 28. Let x(s) = -s**3 - 19*s**2 + 16*s + 4. Let f be x(-20). Let v be (f/10)/(5 + 298/(-60)). Calculate the highest common divisor of v and a.
28
Suppose 4*n - 49 = -3*i + 48, 4*n = -20. Suppose 0 = 3*l - 6*l + i. Let z be (-624)/(-10)*535/321. Calculate the highest common divisor of z and l.
13
Let n = -4544 - -6091. What is the greatest common factor of n and 728?
91
Let c be -97 - -91 - -6*(-5)/(-2). Calculate the greatest common factor of 6651 and c.
9
Let q = 992 - 963. What is the highest common divisor of 3103 and q?
29
Let w be 16/20 + (-1269)/(-45). Suppose 6 + w = 2*g + i, 3*g - 52 = -i. Calculate the highest common factor of g and 85.
17
Let j = -935 + 1119. Calculate the greatest common divisor of 2990 and j.
46
Suppose 2*o + 0*q = -q + 44, 0 = -3*q. Suppose 0 = 18*l - o*l + 160. Let b be 8 - -9 - (1 + 0). Calculate the highest common divisor of l and b.
8
Let h(w) = 7*w + 56. Let o be h(-8). Suppose -3*g - 59 + 119 = o. Suppose -5*u = g, -5*y + 282 + 32 = 4*u. What is the highest common divisor of 165 and y?
33
Let r = -15 + 29. Let h = -10 + r. Let b be (-3952)/456*162/(-39). What is the greatest common divisor of h and b?
4
Let g = -231 - -756. Suppose -x + 165 = 5*h + x, -3*x = 5*h - 160. What is the greatest common divisor of g and h?
35
Suppose -5*d - 2697 + 652 = -2*y, -3*y = 4*d - 3033. Calculate the greatest common divisor of y and 105.
35
Let q(v) be the first derivative of 11*v**2 - 11*v + 20. Let u be q(6). Calculate the greatest common factor of u and 11.
11
Suppose 25*n - 41563 = 14614 - 8177. What is the highest common divisor of 8 and n?
8
Let c = -144 - -256. Let l = -77 + c. Suppose 2*n + n - 42 = 0. Calculate the greatest common factor of l and n.
7
Let h be 3 + (2 - -91) + -1. Let w = -52 + h. Let x = w + -13. What is the highest common factor of x and 30?
30
Let k(d) = -373*d - 751. Let i be k(-4). Calculate the greatest common factor of 351 and i.
39
Let t be 20/(-35) + ((-16245)/(-35))/9. Calculate the greatest common factor of 2703 and t.
51
Let x(u) = -3*u**2 - 53*u + 22. Let h be x(-17). Let s = 16 - 8. Let t be s/16 + 15/2. Calculate the highest common divisor of t and h.
8
Suppose 3*u + 10 = 3*s - s, 0 = 2*u - 4. Let c be 3 + -65 + 1*-4. Let m = 154 + c. Calculate the greatest common factor of s and m.
8
Let w(n) = n**3 - 4*n**2 + 7. Let r be w(7). Let m be -189*86/(-387)*1. What is the highest common divisor of m and r?
14
Let t = -33 - -47. Suppose -9*u = -t*u + 45. Calculate the greatest common factor of 6 and u.
3
Suppose 0 = -21*i + 45*i + 8*i - 1902208. Calculate the greatest common factor of i and 44.
44
Let c(p) = -p**3 + 17*p**2 - 49*p - 29. Let q be c(13). Let z be q/(-8) - 2122/(-8). Calculate the highest common divisor of z and 165.
33
Let q be (-4)/6 - (-231)/9. Let t(k) = -k + 15. Suppose -5*g = -8*g + 15. Let i be t(g). Calculate the highest common factor of q and i.
5
Suppose 33*p - 2630 = 13*p + 10*p. Calculate the greatest common divisor of 9731 and p.
263
Suppose -66831 = -526*v + 636*v - 482851. What is the greatest common factor of v and 610?
122
Let s = 259 - 152. Let d = s - 27. What is the greatest common factor of d and 48?
16
Let u be 12/1*16188/16. Calculate the greatest common divisor of u and 9.
9
Let p(j) be the second derivative of -j**5/20 - j**4/4 - j**2 + 11*j. Let o be p(-3). Let y be 17/2*-2*(o - 0). What is the highest common factor of y and 119?
17
Let b(j) = 4*j**2 - 11*j + 28. Suppose 3*h = -7 + 40. Let i be b(h). What is the greatest common divisor of i and 34?
17
Let s(w) = 5*w**2 + 2*w - 3. Let m be s(-3). Suppose 2*r = -2*r + m. Let v be (-3)/(-30)*6*(-30)/(-2). Calculate the greatest common factor of v and r.
9
Suppose 2*l = -2*h + 56348 + 8136, 161192 = 5*l + 8*h. Calculate the highest common divisor of 139 and l.
139
Suppose -3*b - 3*q + 7636 = -8057, -4*q = -3*b + 15728. Calculate the highest common factor of 112 and b.
28
Suppose 0 = -0*y - 4*y - 12, -3*y = -3*w + 1920. Suppose -h + 58 + 64 = m, 4*m + w = 5*h. Suppose 4*d + 29 = h. What is the greatest common divisor of 60 and d?
12
Let g be (3/(-4))/((-12)/336). Suppose -5*u = -20, 0*c - 4*c - 4*u = -68. Let b = 27 - c. What is the greatest common divisor of b and g?
7
Let t = 255 - 487. Let q = 244 + t. What is the highest common factor of q and 84?
12
Let t(r) = -r**3 + r**2 - 13*r + 32. Suppose 2*o - 6 = n, 35*n - 36*n - 15 = -5*o. Let y be t(n). Calculate the greatest common divisor of y and 40.
8
Let k(b) = 17*b**2 - 5*b + 6. Let c be k(2). Suppose c = 3*a + 40. Calculate the highest common factor of 2 and a.
2
Let j(w) = w**3 - 51*w**2 - 76*w + 1267. Let d be j(52). What is the greatest common factor of 323 and d?
19
Let w be 50/15 - 3290140/(-213). What is the greatest common factor of w and 50?
50
Let w = -4684 + 4693. What is the greatest common divisor of 4923 and w?
9
Let a be (-2)/10 - -4*4816/320. What is the greatest common divisor of a and 1230?
30
Suppose 5*t + 3*v + 1761 = 0, -1404 = -t + 5*t + 4*v. Let d be -2 - (1/(-5) + t/30). What is the highest common divisor of 90 and d?
10
Suppose -3*l - 2*l + 60 = 0. Suppose 3*y - l = -3*c + 63, -5*c + 3*y + 101 = 0. Suppose 29*q - 1116 = 1436. Calculate the greatest common divisor of c and q.
22
Let t(w) = w**2 - 2*w - 27. Let x = 88 + -81. Let a be (-224)/(-24)*6/x. Let s be t(a). Calculate the greatest common divisor of s and 6.
3
Let z(i) = 3*i**2 + 15*i - 49. Let p be z(5). Suppose 61 = 3*a - p. What is the highest common divisor of 18 and a?
18
Suppose 3*g - 3*l = -21, -3*g + 4*l = 3*l + 19. Let q be 9 + (-2 - -5) - g. What is the highest common divisor of 486 and q?
18
Let c = 9896 - 5798. Calculate the highest common factor of 6 and c.
6
Let i = 23 + -16. Let p be (6 - (-1 - -5)) + -930 + -4. Let a = p + 988. Calculate the greatest common factor of a and i.
7
Suppose 31*p + 7*p - 76 = 0. Calculate the highest common factor of 2156 and p.
2
Suppose z - 42 = 5*m, -47*m = -3*z - 45*m + 74. Let w be 1 + 10 + (3 - 3). What is the greatest common factor of w and z?
11
Let z(s) = -s**3 - 2*s**2 + 9*s + 6. Let o be z(-4). Suppose o*y + 112 = 3*x, 3*x + 5*y - 2*y = 132. Calculate the greatest common factor of x and 120.
40
Suppose -9*v - 127 = -262. Let f(q) = 45*q**2 - 2*q + 2. Let i be f(1). Calculate the greatest common factor of v and i.
15
Let k = 12 + -5. Let w(r) = -7*r + 28. Let j(f) = -7*f + 38. Let i be j(6). Let h be w(i). What is the greatest common factor of h and k?
7
Suppose 9*m + 285 = -65*j + 68*j, -m - 1 = 0. Calculate the greatest common factor of 6831 and j.
23
Let l be (3/(-9))/(2/1818). Let t = l + 345. Calculate the highest common factor of 231 and t.
21
Let p = -838 - -904. Let t be 3/4*(-24)/(-3). What is the greatest common factor of t and p?
6
Let z be (1 + -43)*-36*18/486. Let w be (-1)/(((-2)/1)/70). Calculate the greatest common factor of z and w.
7
Let w(v) = v**2 + 10*v + 93. Let i be w(24). What is the greatest common factor of 9 and i?
9
Suppose 63*s = 60*s + 405. Suppose 0 = -6*x